der when 439 is divided by 44.
43
Calculate the remainder when 1269 is divided by 13.
8
What is the remainder when 3013 is divided by 37?
16
Calculate the remainder when 222 is divided by 28.
26
Calculate the remainder when 207 is divided by 84.
39
What is the remainder when 129 is divided by 17?
10
What is the remainder when 12 is divided by 9?
3
What is the remainder when 1995 is divided by 992?
11
What is the remainder when 108 is divided by 24?
12
What is the remainder when 111 is divided by 14?
13
What is the remainder when 503 is divided by 168?
167
What is the remainder when 648 is divided by 39?
24
What is the remainder when 246 is divided by 118?
10
What is the remainder when 208 is divided by 53?
49
What is the remainder when 313 is divided by 47?
31
Calculate the remainder when 3069 is divided by 53.
48
What is the remainder when 570 is divided by 12?
6
What is the remainder when 1948 is divided by 43?
13
Calculate the remainder when 46 is divided by 28.
18
What is the remainder when 101 is divided by 17?
16
Calculate the remainder when 9097 is divided by 27.
25
Calculate the remainder when 286 is divided by 119.
48
What is the remainder when 106 is divided by 41?
24
Calculate the remainder when 208 is divided by 79.
50
Calculate the remainder when 131 is divided by 45.
41
What is the remainder when 832 is divided by 69?
4
Calculate the remainder when 160 is divided by 55.
50
What is the remainder when 169 is divided by 35?
29
What is the remainder when 695 is divided by 25?
20
What is the remainder when 56 is divided by 21?
14
Calculate the remainder when 7758 is divided by 16.
14
Calculate the remainder when 523 is divided by 57.
10
Calculate the remainder when 102 is divided by 4.
2
Calculate the remainder when 2219 is divided by 736.
11
Calculate the remainder when 12555 is divided by 13.
10
What is the remainder when 1110 is divided by 8?
6
Calculate the remainder when 449 is divided by 142.
23
Calculate the remainder when 2579 is divided by 858.
5
Calculate the remainder when 187 is divided by 66.
55
Calculate the remainder when 781 is divided by 9.
7
What is the remainder when 1854 is divided by 62?
56
Calculate the remainder when 314 is divided by 105.
104
What is the remainder when 434 is divided by 12?
2
Calculate the remainder when 28285 is divided by 13.
10
What is the remainder when 214 is divided by 56?
46
What is the remainder when 4489 is divided by 11?
1
What is the remainder when 277 is divided by 8?
5
Calculate the remainder when 897 is divided by 31.
29
Calculate the remainder when 1218 is divided by 37.
34
Calculate the remainder when 213 is divided by 112.
101
Calculate the remainder when 250 is divided by 23.
20
What is the remainder when 27 is divided by 24?
3
What is the remainder when 461 is divided by 11?
10
Calculate the remainder when 7154 is divided by 199.
189
Calculate the remainder when 11535 is divided by 9.
6
Calculate the remainder when 303 is divided by 7.
2
What is the remainder when 1128 is divided by 16?
8
Calculate the remainder when 623 is divided by 33.
29
Calculate the remainder when 5425 is divided by 42.
7
Calculate the remainder when 1307 is divided by 146.
139
What is the remainder when 45 is divided by 23?
22
What is the remainder when 160 is divided by 83?
77
What is the remainder when 202 is divided by 64?
10
What is the remainder when 36 is divided by 23?
13
Calculate the remainder when 319 is divided by 21.
4
What is the remainder when 379 is divided by 73?
14
What is the remainder when 155 is divided by 79?
76
What is the remainder when 244 is divided by 80?
4
Calculate the remainder when 26 is divided by 3.
2
What is the remainder when 114 is divided by 107?
7
Calculate the remainder when 809 is divided by 30.
29
Calculate the remainder when 22 is divided by 22.
0
What is the remainder when 1337 is divided by 103?
101
What is the remainder when 793 is divided by 37?
16
Calculate the remainder when 2811 is divided by 5.
1
What is the remainder when 920 is divided by 132?
128
What is the remainder when 143 is divided by 66?
11
Calculate the remainder when 289 is divided by 21.
16
What is the remainder when 3401 is divided by 92?
89
What is the remainder when 188 is divided by 26?
6
What is the remainder when 895 is divided by 77?
48
Calculate the remainder when 197 is divided by 60.
17
Calculate the remainder when 1036 is divided by 104.
100
Calculate the remainder when 237 is divided by 60.
57
What is the remainder when 174 is divided by 110?
64
Calculate the remainder when 18 is divided by 1.
0
Calculate the remainder when 30 is divided by 17.
13
What is the remainder when 435 is divided by 88?
83
What is the remainder when 1991 is divided by 334?
321
What is the remainder when 152 is divided by 12?
8
Calculate the remainder when 133 is divided by 43.
4
Calculate the remainder when 1584 is divided by 61.
59
What is the remainder when 359 is divided by 52?
47
Calculate the remainder when 712 is divided by 17.
15
What is the remainder when 221 is divided by 7?
4
What is the remainder when 112 is divided by 81?
31
What is the remainder when 5864 is divided by 163?
159
What is the remainder when 111 is divided by 24?
15
Calculate the remainder when 1551 is divided by 2.
1
Calculate the remainder when 328 is divided by 47.
46
What is the remainder when 50005 is divided by 28?
25
Calculate the remainder when 129 is divided by 56.
17
What is the remainder when 2371 is divided by 262?
13
Calculate the remainder when 91 is divided by 77.
14
What is the remainder when 397 is divided by 86?
53
Calculate the remainder when 721 is divided by 234.
19
What is the remainder when 50 is divided by 18?
14
Calculate the remainder when 1259 is divided by 90.
89
What is the remainder when 106 is divided by 50?
6
Calculate the remainder when 1158 is divided by 296.
270
What is the remainder when 63 is divided by 62?
1
What is the remainder when 1755 is divided by 160?
155
What is the remainder when 13257 is divided by 13?
10
Calculate the remainder when 5211 is divided by 180.
171
What is the remainder when 2750 is divided by 54?
50
Calculate the remainder when 2 is divided by 1.
0
Calculate the remainder when 1038 is divided by 41.
13
Calculate the remainder when 460 is divided by 314.
146
Calculate the remainder when 98 is divided by 38.
22
Calculate the remainder when 456 is divided by 64.
8
What is the remainder when 3413 is divided by 114?
107
Calculate the remainder when 223 is divided by 45.
43
Calculate the remainder when 355 is divided by 51.
49
Calculate the remainder when 572 is divided by 14.
12
Calculate the remainder when 869 is divided by 131.
83
Calculate the remainder when 3200 is divided by 324.
284
Calculate the remainder when 1294 is divided by 61.
13
Calculate the remainder when 233 is divided by 64.
41
Calculate the remainder when 105 is divided by 48.
9
Calculate the remainder when 54783 is divided by 32.
31
What is the remainder when 469 is divided by 142?
43
What is the remainder when 78 is divided by 73?
5
Calculate the remainder when 916 is divided by 23.
19
What is the remainder when 136 is divided by 14?
10
What is the remainder when 485 is divided by 123?
116
Calculate the remainder when 316 is divided by 7.
1
What is the remainder when 216 is divided by 42?
6
Calculate the remainder when 3647 is divided by 73.
70
Calculate the remainder when 877 is divided by 99.
85
Calculate the remainder when 12073 is divided by 115.
113
Calculate the remainder when 3166 is divided by 66.
64
Calculate the remainder when 1659 is divided by 20.
19
What is the remainder when 329 is divided by 55?
54
What is the remainder when 246 is divided by 31?
29
Calculate the remainder when 372 is divided by 25.
22
Calculate the remainder when 352 is divided by 33.
22
Calculate the remainder when 15 is divided by 4.
3
Calculate the remainder when 262 is divided by 22.
20
What is the remainder when 548 is divided by 50?
48
What is the remainder when 13 is divided by 13?
0
What is the remainder when 518 is divided by 87?
83
Calculate the remainder when 4506 is divided by 2249.
8
Calculate the remainder when 176 is divided by 47.
35
Calculate the remainder when 133 is divided by 16.
5
Calculate the